0173980?
8
What is the hundred thousands digit of 148493656?
4
What is the hundreds digit of 584963911?
9
What is the thousands digit of 79784254?
4
What is the millions digit of 49464225?
9
What is the millions digit of 929209346?
9
What is the ten millions digit of 640563246?
4
What is the units digit of 417454087?
7
What is the millions digit of 426079592?
6
What is the millions digit of 16589731?
6
What is the hundred millions digit of 6801674202?
8
What is the ten millions digit of 1965661967?
6
What is the ten millions digit of 76262195?
7
What is the hundreds digit of 163123177?
1
What is the ten thousands digit of 384584850?
8
What is the thousands digit of 329851277?
1
What is the units digit of 982363838?
8
What is the ten millions digit of 74692372?
7
What is the ten millions digit of 57807715?
5
What is the hundred millions digit of 1690986138?
6
What is the thousands digit of 1640039826?
9
What is the units digit of 1261460651?
1
What is the hundreds digit of 5373507?
5
What is the tens digit of 175864836?
3
What is the millions digit of 5366193948?
6
What is the thousands digit of 494910714?
0
What is the tens digit of 40296783?
8
What is the hundred millions digit of 1560066056?
5
What is the millions digit of 2602060836?
2
What is the hundreds digit of 37736346?
3
What is the units digit of 426671244?
4
What is the units digit of 955915700?
0
What is the ten millions digit of 228132736?
2
What is the billions digit of 1701891898?
1
What is the ten millions digit of 1182052013?
8
What is the ten millions digit of 56532907?
5
What is the tens digit of 1667830863?
6
What is the ten millions digit of 28556300?
2
What is the millions digit of 18807847?
8
What is the hundred thousands digit of 5582187453?
1
What is the thousands digit of 2591558713?
8
What is the hundred thousands digit of 107195529?
1
What is the ten thousands digit of 5900078?
0
What is the billions digit of 2728436450?
2
What is the hundred thousands digit of 1218577103?
5
What is the tens digit of 143247407?
0
What is the billions digit of 1945994233?
1
What is the units digit of 3545746?
6
What is the thousands digit of 814564312?
4
What is the thousands digit of 1324421984?
1
What is the thousands digit of 49699433?
9
What is the tens digit of 211190174?
7
What is the ten thousands digit of 142879352?
7
What is the hundred thousands digit of 38474801?
4
What is the units digit of 606240350?
0
What is the tens digit of 354545471?
7
What is the millions digit of 15798080?
5
What is the thousands digit of 299519309?
9
What is the thousands digit of 1814064072?
4
What is the millions digit of 113808225?
3
What is the tens digit of 657946462?
6
What is the tens digit of 672499838?
3
What is the millions digit of 20051845?
0
What is the units digit of 942243567?
7
What is the ten millions digit of 50897910?
5
What is the thousands digit of 5502200?
2
What is the tens digit of 1004216927?
2
What is the tens digit of 13062407?
0
What is the thousands digit of 688347734?
7
What is the ten millions digit of 394863896?
9
What is the hundred thousands digit of 14959343?
9
What is the hundreds digit of 19493896?
8
What is the millions digit of 220190010?
0
What is the hundred thousands digit of 746446901?
4
What is the ten thousands digit of 143877429?
7
What is the thousands digit of 8104807428?
7
What is the hundred millions digit of 106576689?
1
What is the millions digit of 702902921?
2
What is the hundred millions digit of 3061689767?
0
What is the units digit of 983336023?
3
What is the tens digit of 7037613355?
5
What is the ten thousands digit of 283376965?
7
What is the thousands digit of 81441954?
1
What is the tens digit of 186486794?
9
What is the hundreds digit of 2438086?
0
What is the thousands digit of 390857853?
7
What is the hundreds digit of 242695456?
4
What is the ten thousands digit of 42092443?
9
What is the tens digit of 280902710?
1
What is the units digit of 50556562?
2
What is the tens digit of 570477147?
4
What is the ten thousands digit of 262640672?
4
What is the hundred millions digit of 313885896?
3
What is the tens digit of 79359113?
1
What is the ten thousands digit of 1151698908?
9
What is the hundreds digit of 18552915?
9
What is the units digit of 522721090?
0
What is the ten thousands digit of 446597559?
9
What is the millions digit of 414442590?
4
What is the hundred millions digit of 927847948?
9
What is the tens digit of 2182637820?
2
What is the hundreds digit of 3285681400?
4
What is the millions digit of 2220896666?
0
What is the millions digit of 357427982?
7
What is the hundreds digit of 68354542?
5
What is the millions digit of 3168767309?
8
What is the hundred thousands digit of 47102142?
1
What is the millions digit of 4174986768?
4
What is the hundred thousands digit of 536555299?
5
What is the ten thousands digit of 28297391?
9
What is the hundreds digit of 10151706?
7
What is the units digit of 211955401?
1
What is the thousands digit of 26214658?
4
What is the tens digit of 126606975?
7
What is the thousands digit of 204591230?
1
What is the thousands digit of 46405792?
5
What is the hundreds digit of 1933924402?
4
What is the ten millions digit of 252207321?
5
What is the millions digit of 4962247?
4
What is the hundred thousands digit of 354384593?
3
What is the thousands digit of 8124410?
4
What is the ten millions digit of 149401928?
4
What is the billions digit of 1046944227?
1
What is the hundred thousands digit of 44197431?
1
What is the hundred thousands digit of 6632065?
6
What is the hundred millions digit of 1505141234?
5
What is the ten millions digit of 4694798010?
9
What is the billions digit of 3165066319?
3
What is the millions digit of 586565116?
6
What is the hundreds digit of 27209207?
2
What is the millions digit of 75177541?
5
What is the millions digit of 1499895?
1
What is the hundred millions digit of 107304468?
1
What is the ten millions digit of 618696326?
1
What is the tens digit of 205063917?
1
What is the millions digit of 1269974230?
9
What is the thousands digit of 31144965?
4
What is the hundreds digit of 3295385913?
9
What is the tens digit of 282030262?
6
What is the millions digit of 85363772?
5
What is the hundred thousands digit of 30220222?
2
What is the units digit of 1158083966?
6
What is the units digit of 625461079?
9
What is the millions digit of 43750992?
3
What is the tens digit of 4402629557?
5
What is the hundred millions digit of 2905282131?
9
What is the thousands digit of 714053466?
3
What is the tens digit of 491087387?
8
What is the tens digit of 97107502?
0
What is the ten thousands digit of 104009492?
0
What is the millions digit of 180059092?
0
What is the hundred thousands digit of 1198668298?
6
What is the ten millions digit of 1918759246?
1
What is the thousands digit of 242527290?
7
What is the ten thousands digit of 6957721?
5
What is the units digit of 3604720828?
8
What is the tens digit of 192837722?
2
What is the hundreds digit of 86788806?
8
What is the tens digit of 44389758?
5
What is the millions digit of 63270518?
3
What is the hundreds digit of 485283608?
6
What is the millions digit of 22047721?
2
What is the thousands digit of 1572074861?
4
What is the ten millions digit of 341154694?
4
What is the thousands digit of 2330545919?
5
What is the units digit of 47491977?
7
What is the ten thousands digit of 2540742605?
4
What is the hundred thousands digit of 1146997250?
9
What is the thousands digit of 79152750?
2
What is the billions digit of 8514844230?
8
What is the billions digit of 1190639374?
1
What is the tens digit of 622609244?
4
What is the hundreds digit of 298719415?
4
What is the thousands digit of 941332566?
2
What is the billions digit of 3860761832?
3
What is the units digit of 319107217?
7
What is the units digit of 528044063?
3
What is the ten millions digit of 429944160?
2
What is the hundreds digit of 2734579989?
9
What is the millions digit of 37060220?
7
What is the thousands digit of 356204642?
4
What is the tens digit of 177468881?
8
What is the hundred thousands digit of 9010297766?
2
What is the units digit of 129824085?
5
What is the hundred thousands digit of 276893960?
8
What is the units digit of 841328385?
5
What is th